6b (base 13) in base 12?
5ab026
Convert 776654 (base 8) to base 15.
52768
What is 203200213 (base 4) in base 15?
2d167
Convert 721646 (base 12) to base 14.
346bd4
Convert 1626612 (base 7) to base 8.
670566
What is -29e096 (base 15) in base 2?
-111101101100110000110
Convert -135822 (base 12) to base 5.
-40231413
Convert 4807725 (base 9) to base 4.
21323231021
33aa547 (base 13) to base 6
1324504010
1011000110111011110111 (base 2) to base 4
23012323313
Convert b96036 (base 12) to base 8.
13142652
What is c7c4 (base 16) in base 3?
2121011002
What is 121253411 (base 6) in base 12?
934267
What is -5ceecc (base 15) in base 11?
-25730a0
-10210255 (base 6) to base 13
-a519a
cba7 (base 16) to base 7
304666
Convert 21932a (base 12) to base 11.
335575
What is 1110521 (base 8) in base 4?
1021011101
Convert 11111111100110 (base 2) to base 8.
37746
Convert 20021223113 (base 4) to base 2.
1000001001101011010111
Convert -314607 (base 8) to base 13.
-38947
-10000011100001010110000 (base 2) to base 7
-51426444
What is -5300535 (base 6) in base 16?
-3eb2b
Convert 1362a70 (base 13) to base 12.
2070785
What is -35423532 (base 6) in base 5?
-240421012
Convert -50500 (base 7) to base 10.
-12250
Convert 11001010100100101 (base 2) to base 16.
19525
What is 52135 (base 6) in base 11?
5268
Convert 10004363 (base 7) to base 15.
114722
Convert -15544254 (base 7) to base 15.
-1eb776
Convert -592446 (base 12) to base 16.
-15e4f6
What is 3205121 (base 6) in base 15?
31634
What is -3325012 (base 7) in base 16?
-64126
Convert 5a795 (base 15) to base 2.
1000110011101001110
What is 22131 (base 7) in base 16?
15b7
-344664 (base 8) to base 4
-130212310
-2814191 (base 12) to base 9
-16027841
Convert 284357 (base 9) to base 16.
2a6e5
Convert -100232132 (base 5) to base 9.
-667340
-7061556 (base 8) to base 10
-1860462
-167b3 (base 12) to base 15
-984c
What is 128c7 (base 14) in base 13?
17a14
10112000202012 (base 3) to base 10
1870430
1220d2 (base 14) to base 9
1144833
Convert 2a3335 (base 12) to base 10.
710681
What is -6a279 (base 11) in base 16?
-18c6c
What is -398ed (base 15) in base 7?
-1365145
13d91 (base 14) to base 3
2111122210
-100100001100010100101 (base 2) to base 13
-326a66
Convert -1032302003 (base 4) to base 6.
-10525535
What is -3474a (base 13) in base 14?
-26c4c
Convert 33532502 (base 6) to base 16.
f9cb6
What is -6aa017 (base 11) in base 16?
-112e9c
What is 3441275 (base 9) in base 3?
10111101022112
-111011000000111000010 (base 2) to base 4
-13120013002
-183282 (base 9) to base 7
-653150
Convert -52751b (base 15) to base 4.
-32331233111
1b284c (base 13) to base 2
10101000110001001010
What is -33968 (base 16) in base 15?
-4291e
Convert 150050 (base 10) to base 14.
3c97c
What is -18406 (base 14) in base 13?
-21ab6
What is 624183 (base 9) in base 13?
cc831
What is 11210001101220 (base 3) in base 9?
4701356
What is 22a5567 (base 11) in base 5?
2012101332
-12211211130 (base 4) to base 10
-1726812
What is 14716052 (base 8) in base 12?
1171436
What is -2d5b37 (base 14) in base 16?
-1846c5
Convert 24541203 (base 6) to base 15.
1094d6
-1a73 (base 14) to base 2
-1001011000101
What is 88380 (base 11) in base 4?
133103203
What is 490635 (base 11) in base 12?
315601
What is -1000222010 (base 4) in base 5?
-31433321
-9314700 (base 11) to base 5
-13202314024
Convert 12004400 (base 6) to base 12.
160700
Convert -116720 (base 9) to base 5.
-4224234
Convert -11432311 (base 6) to base 12.
-155697
What is -112101102002 (base 3) in base 6?
-10022515
What is 36318 (base 16) in base 12?
a8560
Convert 748bd (base 14) to base 8.
1046027
-249a0 (base 16) to base 2
-100100100110100000
Convert 631cc7 (base 13) to base 10.
2317829
Convert -147817 (base 10) to base 9.
-244681
230044133 (base 5) to base 13
298881
What is 5492 (base 15) in base 13?
81cb
Convert 11000210210222 (base 3) to base 11.
123307a
What is 441a5 (base 13) in base 4?
132013020
Convert -370146 (base 9) to base 5.
-24120242
132434041 (base 5) to base 10
671146
-2049440 (base 11) to base 12
-1263669
Convert -3e908 (base 16) to base 7.
-2115061
What is -25552433 (base 7) in base 12?
-945845
Convert -2042212033 (base 5) to base 13.
-b60927
-320233102 (base 4) to base 10
-232402
Convert -12112012200211 (base 3) to base 15.
-3d02ea
What is 318855 (base 9) in base 5?
22041423
What is -56540361 (base 7) in base 4?
-102300202332
What is 121444 (base 9) in base 10?
73264
-122021212222 (base 3) to base 14
-8c077
49a5725 (base 11) to base 4
201021133222
1110100001011010110100 (base 2) to base 5
1433310100
-79260 (base 16) to base 3
-221012200200
What is -2241570 (base 8) in base 9?
-1124701
What is -510647 (base 12) in base 14?
-24d435
Convert -17a27c5 (base 13) to base 9.
-15462015
What is 1462771 (base 8) in base 4?
1212113321
Convert -2080216 (base 9) to base 13.
-3009b4
What is 1002110025 (base 6) in base 13?
2155835
-8746cb (base 15) to base 10
-6444416
What is 112201021 (base 3) in base 5?
320401
What is -1101111101100001 (base 2) in base 4?
-31331201
Convert 335280 (base 13) to base 2.
100100111101001101101
Convert -3b0168 (base 12) to base 3.
-1211112012022
What is -59861 (base 12) in base 9?
-203211
2970389 (base 11) to base 12
1858974
-7d1369 (base 14) to base 13
-b65610
Convert -144004626 (base 7) to base 13.
-1c893c6
What is 426676 (base 8) in base 6?
3021010
200220212101 (base 3) to base 13
10068a
Convert 3595a (base 14) to base 12.
63850
Convert -aaa83 (base 12) to base 5.
-24214204
-1100000010011001101010 (base 2) to base 14
-5c1db4
Convert -1226667 (base 8) to base 5.
-41330013
Convert -141402555 (base 6) to base 7.
-33313664
Convert 1502 (base 8) to base 16.
342
566342 (base 8) to base 3
100201222112
44000304 (base 5) to base 13
101953
e3c04 (base 15) to base 9
1318734
What is -b1601 (base 14) in base 16?
-68201
What is 1022444412 (base 6) in base 7?
160346060
-4443 (base 11) to base 7
-23033
Convert 278a738 (base 12) to base 2.
11110001000001110011100
Convert -21520305 (base 6) to base 4.
-2132032301
1200133131 (base 4) to base 10
395229
What is 5045243 (base 6) in base 4?
322200123
Convert -10000010000100001000 (base 2) to base 12.
-218374
What is -165309 (base 12) in base 7?
-3151443
What is -133111214 (base 5) in base 3?
-1021100000222
Convert 5813403 (base 9) to base 13.
85b804
What is -2a0f1e (base 16) in base 3?
-12012001001020
Convert -76a536 (base 12) to base 7.
-22005351
363661 (base 8) to base 2
11110011110110001
What is c6872c (base 13) in base 7?
54326153
-56236024 (base 7) to base 3
-100011020120211
Convert -12102201201202 (base 3) to base 10.
-2888102
2218449 (base 11) to base 5
1444003200
What is 100100111100110000 (base 2) in base 14?
3d224
Convert -3353102 (base 6) to base 16.
-299de
-2067705 (base 12) to base 3
-102111101122112
138313 (base 12) to base 7
2523300
10402022113 (base 5) to base 6
1043300444
-3400404 (base 8) to base 16
-e0104
27aa51 (base 11) to base 10
439165
-441058 (base 9) to base 10
-263222
What is -3974494 (base 10) in base 13?
-a92094
-110200110120 (base 3) to base 6
-5203453
Convert 10001100011110000101 (base 2) to base 14.
10d977
What is -1331051 (base 6) in base 11?
-50761
-210212021202 (base 3) to base 13
-120b36
Convert -906150a (base 11) to base 7.
-253166615
Convert -91720a (base 13) to base 11.
-1a02994
Convert 201223213 (base 4) to base 15.
2ad24
What is -a77a96 (base 11) in base 14?
-32c205
Convert -1110100111011001011 (base 2) to base 12.
-1b11a3
1842 (base 12) to base 14
10d4
What is a1353 (base 11) in base 5?
14220122
What is 14110224 (base 5) in base 6?
3032411
What is 22220303210 (base 4) in base 11?
1635113
What is deaa (base 16) in base 7?
325121
Convert -259819 (base 16) to base 5.
-1112320034
3625031 (base 8) to base 3
1212111021001
What is 5140031 (base 7) in base 11?
38a8a9
What is 1152110 (base 7) in base 16?
23f03
Convert b67cc4 (base 13) to base 7.
51215116
Convert -4085 (base 15) to base 2.
-11010100111001
What is 2014187 (base 9) in base 15?
162bb4
Convert 110110000010010010 (base 2) to base 14.
5a934
What is -207522 (base 8) in base 12?
-34242
Convert 14010244 (base 7) to base 11.
806231
Convert 19482 (base 14) to base 5.
4022020
What is -1142456 (base 10) in base 15?
-17878b
What is 22061 (base 13) in base 6?
1153055
What is -144784 (base 11) in base 12